3 - 1)?
4
0 + 3 + 14 + -17 - 7
-7
What is 3 + 3 + -5 + 2?
3
What is 4 + -8 + 8 + (-11 - -1)?
-6
(4 - -2) + -23 + 24
7
2 + (0 - 0) + 1 - 7
-4
(8 - 4) + 1 - 10
-5
Calculate 0 + 1 + -7 + -3 + 5.
-4
What is the value of 30 - 21 - (4 - 0)?
5
Evaluate (-10 - -3) + (3 - (-1 - -1)).
-4
Calculate 0 - 0 - (10 - 5).
-5
What is the value of -10 - (-3 + (-4 - -1))?
-4
What is 4 + (5 - 5) + -6?
-2
(-14 - (2 - 9)) + 4
-3
What is the value of 1 + -1 + 9 + -3 + -2?
4
Evaluate (-9 - -8) + 11 + -5 + 2.
7
What is the value of 18 - (17 - (-1 - -7))?
7
What is 4 + -2 - (1 - -5)?
-4
What is the value of (-23 + 10 - -5) + 11?
3
1 + (5 - 2 - 0)
4
Calculate -5 - ((-6 - (-4 + 5)) + 3).
-1
Evaluate (0 - -10) + -12 - (0 - 2).
0
Calculate -2 - (9 - 13) - (1 + -4).
5
1 + 3 - (-8 + 4 - -7)
1
Calculate (13 - 8) + 4 + (-1 - 2).
6
(-1 - -3) + 0 + -1
1
What is -2 - ((-4 + 3 - 0) + 0)?
-1
Calculate (11 - 10) + (2 - -2).
5
1 + 0 + (-14 - (-7 - 0))
-6
What is -41 + 42 - (4 - 1)?
-2
0 + (6 - 1) - (3 - 5)
7
Calculate -60 - -64 - ((2 - 1) + 1).
2
What is -4 + 3 + (3 - -2) - 7?
-3
Calculate -6 + (-1 - (-1 + 0 + 0)).
-6
What is 1 + 8 + (1 - 5)?
5
0 + (-3 - -3) - 5 - -4
-1
What is -12 + (-6 - (-11 + 3) - -5)?
-5
What is (11 + 0 - (-61 - -66)) + -3?
3
Evaluate (-3 - (-7 - (-5 + 6))) + -1.
4
Calculate (1 - 1) + 1 - (-270 + 264).
7
Evaluate 2 + (-1 - -5 - (8 + -1)).
-1
Evaluate 2 + 2 + (0 - 0) + -4.
0
(-2 - 5) + 3 + 0
-4
What is the value of (-5 - -1) + (-17 - -18) + 3?
0
What is (-3 - -2) + 2 - -3?
4
What is -4 - (1 - 4 - (3 + -8))?
-6
Calculate -4 - (-2 + 0 + 8 + -5).
-5
What is -7 - -1 - (31 - 42)?
5
Calculate (-52 - -64) + 0 + -5.
7
What is 3 + (1 - 8) + 1?
-3
What is the value of -6 - 0 - -1 - (25 + -25)?
-5
What is the value of 3 + (1 - -4) + -9 - -2?
1
-3 + 3 + -4 - (-3 - 0)
-1
What is the value of 1 + 1 + 2 - (-239 + 247)?
-4
6 + 6 + -9 - 9
-6
What is the value of -7 + (-9 - (5 - (1 + 11)))?
-9
What is 3 - (-3 - (6 + -12))?
0
What is the value of -144 + 155 - ((10 - 2) + -2)?
5
What is the value of -7 + 8 - (-2 - 0 - -7)?
-4
(1 - (0 + -2)) + -1 + -2
0
Evaluate (-3 - -6 - 3) + -3 - 3.
-6
4 + -2 - -2 - 5
-1
What is -1 - ((-9 - -4 - -4) + -2)?
2
What is the value of 2 - (-3 + 8 + 3 - 4)?
-2
3 - ((10 - 6) + -6)
5
Calculate 0 + 5 - (0 + -5 - -15).
-5
What is 4 + (6 - 2) + -4?
4
What is (4 - (-3 - -8)) + 0 - -3?
2
Evaluate -33 + 34 + (0 - -2).
3
Calculate 5 - (-1 - 0 - (1 - 4)).
3
Evaluate 7 + -7 + 2 - (1 - 3).
4
Evaluate 5 - (-1 + -3 - (3 + -5)).
7
What is -5 + 0 - (22 - 22)?
-5
What is -15 - (-8 + -6 + -4)?
3
What is the value of (-4 - -15) + (6 - 11)?
6
Evaluate 5 + 0 + -1 + 1 + 0.
5
-2 + (3 - -12) - 10
3
Calculate 2 + 5 + -5 + 1.
3
(0 - -10) + -1 + -9
0
What is (1 - (-2 - -4) - 2) + -1?
-4
What is the value of (8 - 1) + (-1 - -1)?
7
What is 0 + (3 - -2) - (-13 - -16)?
2
Evaluate -7 - ((3 - 1) + (-7 - -3)).
-5
What is 0 + (0 - 1) + -4 + 0?
-5
What is (-135 - -134) + (-2 - (4 + 0))?
-7
-1 + -8 + (38 - 25) - 1
3
What is the value of 5 - (2 - (-4 - (2 + -4)))?
1
Calculate 1 + 4 + -5 + 4.
4
What is the value of -1 + (-3 - -9) + (0 - 6)?
-1
What is the value of 3 + 0 + -8 - -4?
-1
What is -5 - (7 + (9 - 24))?
3
What is -1 - -3 - (1 + 1)?
0
What is -3 + 8 + -19 - -9?
-5
Calculate -1 - (3 + 2) - -9.
3
Evaluate -1 + (4 - -2) + -5 + 5.
5
What is the value of -2 + 5 - (29 + -21)?
-5
What is the value of 7 - 2 - (9 + -1)?
-3
What is the value of (-11 - -38 - 13) + -25?
-11
Evaluate 1 + -11 + 23 + -16.
-3
Evaluate (-19 - -25) + (-6 - 0) + 2.
2
Evaluate (-1 - 3 - -10) + (0 - 6).
0
Calculate -3 + 0 + (22 - 15).
4
What is the value of (3 - 7) + 4 - (0 + -1)?
1
What is the value of 0 - (-4 - (-12 - -7) - 1)?
0
What is the value of -4 - (-2 - (-2 + 4)) - -3?
3
What is the value of (-7 - -10) + -1 + 3 + -5?
0
What is -2 - (-6 + (9 - 4))?
-1
What is the value of (-16 - -13) + (1 - (4 - -2))?
-8
(6 + -1 + -6 - -6) + -13
-8
What is 9 + -20 + (2 - -9)?
0
Evaluate (-8 - (5 - 9)) + 1.
-3
-13 - -13 - (2 + -3)
1
(-4 + 1 - -6) + 2
5
-19 + (24 - 14) - -7
-2
What is the value of 5 + (-6 - -4 - 3) + 7?
7
What is 2 + -9 + -6 + 11?
-2
11 - (-11 + 22) - (-1 + -1)
2
Calculate -3 + -8 + 1 + 12.
2
What is the value of (-1 - -2) + -1 + -2 + 1?
-1
-4 - (-6 - (2 - 3 - 2))
-1
What is 2 - (2 - (14 - 7))?
7
What is the value of (1 - 5) + (-3 + 7 - 3)?
-3
Calculate 5 + -4 + 1 - -2 - -1.
5
What is -12 + 14 + (2 - 1)?
3
Calculate 32 - 23 - (10 + -1).
0
What is the value of -1 - -6 - (-31 + 34)?
2
Evaluate -17 + 16 + -1 + -1.
-3
Calculate 4 + (3 - (1 + 5)).
1
What is 9 - (-3 - 2 - -8) - 1?
5
Evaluate -6 + (0 - (0 + -2 + 0)).
-4
Calculate -11 - -5 - -5 - -4.
3
What is (1 - 5 - (3 + -2)) + 2?
-3
What is (-14 - (0 + -13)) + (0 - 1)?
-2
What is the value of 1 + 2 + 0 - (-13 + 21)?
-5
What is 78 + -72 - (0 + 5)?
1
What is the value of (1 + 4 - (33 - 27)) + -3?
-4
What is the value of -13 + (22 - 12) + 13?
10
What is the value of 3 - (4 + 1 - 7)?
5
Evaluate 44 - 51 - (-2 - (1 - 1)).
-5
Calculate 1 + 0 + 2 + -2 + 1.
2
What is -3 + -8 + (4 - (-7 - -4))?
-4
Calculate -1 + (2 - 5) + 2 + -1.
-3
Evaluate 4 + -6 + (-2 - 1).
-5
Evaluate 10 + (4 - (4 - -6)) - 6.
-2
Evaluate -2 - -3 - -6 - 1.
6
Calculate (0 - 6) + -13 + 15 + -4.
-8
7 - 10 - (-2 + -4 + 1)
2
Calculate (-6 - -3) + -2 - 0.
-5
Calculate -11 + 8 + -7 + 2 + 4.
-4
What is the value of (-1 - 4) + 13 + -13?
-5
-2 - 2 - (7 + -13)
2
Evaluate 3 + -3 + -1 + -1 + -1.
-3
-4 - 1 - (1 + (6 - 5))
-7
Calculate -7 + 6 + -6 + 7.
0
0 + -2 - (-6 - -8)
-4
What is 14 - (5 + (-5 - -10))?
4
What is the value of (5 - (-2 - -3)) + (-3 - -2)?
3
What is 10 - (18 + -13 + 15)?
-10
What is 11 + -13 + -1 + (0 - 1)?
-4
Evaluate -6 - (-3 - -7 - 6).
-4
Calculate 6 + (4 - 7) - (0 - -1).
2
Evaluate -2 + -3 + 3 + 2.
0
Evaluate (-1 - (3 + -7)) + -1 - 4.
-2
10 - 5 - 10 - -1 - -4
0
Calculate -8 + 14 + (1 - 0 - 3).
4
What is the value of 81 - 83 - (-4 - -2)?
0
What is (7 - (-1 - (4 - 0))) + -5?
7
Calculate 0 + 4 + -100 + 95.
-1
What is (7 - -2 - (0 + 4)) + -2?
3
What is the value of -3 + 2 + -1 + (17 - 20)?
-5
Evaluate -6 - (-2 - (4 + -4)).
-4
9 + (-11 - (-3 + 5))
-4
(-3 + 5 - 10) + (0 - -4)
-4
What is (-7 - -5) + 9 - 16?
-9
(-4 - (-6 - (4 + -3))) + -2
1
What is the value of -6 + (0 + (11 - 6) - 5)?
-6
(-14 - (3 - 11)) + -1 + 1
-6
Evaluate 0 + -7 + -1 + 3.
-5
(3 - 1) + -8 + 12 + -2
4
Calculate (-1 - -4) + 0 - 1.
2
-8 - (-7 + 4 + -2)
-3
Evaluate -21 - -16 - (-2 + 0).
-3
What is 0 + 2 + 7 + -8?
1
(-3 + 4 - 2) + (5 - 0)
4
What is the value of (3 - (0 - -4)) + -2 + -2?
-5
(-3 - -1) + (8 - 15 - -12)
3
What is the value of (2 - 3) + 6 + -2 - 6?
-3
What is the value of (5 + -4 - 2) + 8 + -2?
5
What is the value of 27 + 14 + -27 + -22?
-8
What is the value of -16 - -18 - (4 - 9)?
7
-6 - 2 - -10 - -1
3
What is 7 - (-4 + 12 + -4)?
3
What is the value of -3 - (1 + -3 + -1)?
0
What is -25 + -2 + 13 + 7?
-7
What is -86 + 81 - (0 - 1 - 1)?
-3
Calculate (-5 - 4 - -1) + (5 - 1).
-4
Evaluate 0 + 3 + -3 + -1 + -1.
-2
-10 + 2 - (17 - 29)
4
-3 + -3 - (-6 + 0)
0
What is the value of (2 - 1 - (-3 - 0)) + 0?
4
(-260 - -266) + (1 - (0 + 10))
-3
Calculate 8 - (0 - 8 - -21).
-5
What is 4 + (-4 - ((3 - 6) + 1))?
2
What is the value of (2 - 5) + 4 + -2?
-1
-2 + 1 + 3 - -1
3
Evaluate -7 - -1 - (-26 + 26 - 3).
-3
Calculate -1 - (-3 - (-3 + 5) - 1).
5
What is the value of 21 + -24 - (-3 - -1)?
-1
Calculate -7 + 7 + (12 - 10).
2
Calculate -1 + (0 - 1 - 5) - -3.
-4
What is 2 + (3 - 5) + 6 + -1?
5
What is 8 - (1 - -15) - 0 - -1?
-7
Calculate -5 + (3 - 2) + 2.
-2
What is 0 - (3 - 0 - (4 - 7))?
-6
-2 + 5 + -1 + -1 - 5
-4
Evaluate -10 + 8 + -10 - -7.
-5
(5 - 7) + 0 + -1
-3
What is the value of 1 - (1 + 4 + -7 - -6)?
-3
What is 1 + -8 + (3 - 1)?
-5
What is 15 - (-4 + (13 - 2))?
8
(11 - -2) + -7 + (-3 - 1)
2
What is the value of 1 - (6 + (-1 - -1) + -3)?
-2
What is -11 - (-6 + (5 - (4 - -1)))?
-5
(-4 - -12) + -6 + 2
4
What is 2 - (26 + -31 + (2 - 3))?
8
-1 + -5 - (146 - 147)
-5
(11 - 5) + (-11 - 0) - 3
-8
What is 2 + (-5 - 1) + 4?
0
Evaluate 8 + -2 + -4 - -4 - 5.
1
3 + 0 + -17 + 11
-3
Evaluate -10 - (-7 - (3 + 0)).
0
What is -18 - -29 - (-1 + 1 - -4)?
7
Calculate (-1 - -1) + 0 + -3.
-3
What is 8 + (-1 - 3) + -5?
-1
Calculate 9 + -2 + (4 - (3 + 3)).
5
What is 0 + -1 + 3 + -5 + 0?
-3
What is the value of -5 + -5 + 10 + -4?
-4
Evaluate -2 + (1 - 3) + -2 + -5.
-